 second derivative of 4*v**3 + 17*v**2/2 - 23*v. Let s be n(-5). Let g = 155 + s. What are the prime factors of g?
2, 13
List the prime factors of (16 + -10 + 1082)/(3/12).
2, 17
Let a = -53 - -57. Suppose 0 = -a*w - 2*x + 8, -3*w - 2*x + 6 = -x. Suppose -39 = -w*l + l. What are the prime factors of l?
3, 13
What are the prime factors of (7 - 672/80)*-10715?
7, 2143
Suppose -4*n - 2*c = 5143 - 42921, 5*n + 5*c - 47220 = 0. List the prime factors of n.
5, 1889
Suppose 20 = 128*k - 123*k. Suppose 3708 = -k*z + 10*z. What are the prime factors of z?
2, 3, 103
Let t(h) = -2*h + 0 - 4*h**3 + 3*h**3 + h + 5*h**2 + 3. Suppose 13 = -5*i + c - 8, -3*i - 4*c - 31 = 0. List the prime factors of t(i).
2, 3, 43
Let m = 32186 + -17569. List the prime factors of m.
47, 311
Suppose 15*c + 550613 = -12*c + 44*c. What are the prime factors of c?
7, 661
Let m = -52 - -55. Suppose -5*k = -2*b + 59, -2 = m*k - b + 34. Let v(z) = -z**3 - 14*z**2 - 17*z - 14. What are the prime factors of v(k)?
2, 19
Let n = -347 + 141. Let x = n + 479. List the prime factors of x.
3, 7, 13
Let l be 924/72*76/7*3. Suppose 6*i + l - 2938 = 0. What are the prime factors of i?
2, 3, 5, 7
Let r(p) = -2*p**3 - 127*p**2 - 737*p - 124. What are the prime factors of r(-62)?
2, 3, 31, 61
Let a(o) = -6*o - 24. Let s be a(-4). Suppose -6*f - 8 + 56 = s. Suppose 2*i - 2*q - 56 = 0, 3*i - 4*q + 158 = f*i. List the prime factors of i.
2, 3, 5
Let y(g) be the third derivative of -23*g**4/8 + 14*g**3 + 19*g**2. List the prime factors of y(-7).
3, 7
Suppose 3*h - 6*h + 18 = 0, 54870 = 4*p + 5*h. List the prime factors of p.
2, 3, 5, 457
Let t = -2479 + 11439. List the prime factors of t.
2, 5, 7
Suppose 22*j = -3*j + 472946 - 104746. What are the prime factors of j?
2, 7, 263
Suppose 3*h = 4*x - 28361, -7099 = -25*x + 24*x - h. What are the prime factors of x?
2, 3547
Suppose -5*q + 56 = -14. Let l be q*(1 + (-335)/(-10)). Suppose -m - 6*m = -l. What are the prime factors of m?
3, 23
Let m be ((-30)/8)/(207/(-92460)). Suppose -5*y + 2320 + m = 0. What are the prime factors of y?
17, 47
What are the prime factors of (-341901)/(-231) - 2/22?
2, 5, 37
Let l(m) = -6*m - 27. Let d(s) = -s + 1. Let k(j) = 10*d(j) - 2*l(j). Let z be k(-15). What are the prime factors of (-36)/(-306) - (-982)/z?
29
Suppose 6 = -3*t, 4563 + 8664 = 3*u - 3*t. List the prime factors of u.
3, 13, 113
Let k be (-141)/(-2)*(-416)/(-78). Let i = k - -882. List the prime factors of i.
2, 17, 37
Let s be 82/26 + 20/(-130). Suppose -s*m + 388 = -5*w, 3*w + 66 = m - 58. Suppose 0 = 5*v + p - 5*p - 165, -m = -3*v - 5*p. List the prime factors of v.
37
Suppose 100*i - 3*a - 141173 = 96*i, -i - a = -35281. List the prime factors of i.
2, 11, 401
Let c = 243 + -238. Suppose 159 = c*o - 3141. List the prime factors of o.
2, 3, 5, 11
Suppose 0 = -225*g + 110*g + 110*g + 7235. List the prime factors of g.
1447
Suppose 16081 = 2944*q - 2931*q. What are the prime factors of q?
1237
Suppose -8*a - 355 - 421 = 0. Let b = a - -99. Suppose -2*g - 2*g - b*q = -540, -5*g + q + 675 = 0. What are the prime factors of g?
3, 5
Suppose 3*a - 76 = -4*v, -4*v - 4 = -a + 32. What are the prime factors of (-1396)/7*a/(-8)?
2, 349
Suppose 2*k + 0 - 4 = d, 3*k - 2*d - 8 = 0. Suppose -2*m + 6 = 0, k = -3*n - 3*m - 975 + 5748. What are the prime factors of n?
2, 397
Suppose -5*x + 9 = -3*j + 35, -x = -2*j + 22. Suppose 0 = g - 16 + j. Suppose -g = -i + 5*i, i + 87 = d. What are the prime factors of d?
2, 43
Suppose -148*m + 168840 = -8*m. What are the prime factors of m?
2, 3, 67
Suppose -21*h = p - 25*h - 62, -h - 3 = 0. Let l be 16/6 + (-4)/6. Suppose -u + g = 2*g - p, -l*u = 3*g - 96. List the prime factors of u.
2, 3
List the prime factors of 30274/6 + (-2)/(-12)*8.
7, 103
What are the prime factors of ((-4411)/44)/((-7)/(-1232)*-2)?
2, 11, 401
Let t be 13/(390/(-12)) - (-34)/10. Let l(p) = 11*p**2 - 9 - 12*p**2 - 10 + 20*p + t. What are the prime factors of l(8)?
2, 5
Let r = 157 + -7. Let m = r - 87. Suppose -n + m = 3*x, x + 5*n - 29 = -x. What are the prime factors of x?
2, 11
Let x be (498/12)/((-1)/(-2)). Suppose 80*s + 129 = x*s. What are the prime factors of s?
43
Suppose -767 = 5*g - 6*g. Suppose 0 = -18*s + 9547 + g. What are the prime factors of s?
3, 191
Suppose -2*c - 4*b = 2, 0*c - 3*c - 9 = 4*b. Let z(r) = 18*r**2 - 15*r - 9. Let o be z(c). What are the prime factors of o/36 + (15/(-18))/5?
3
Let g = -8 + 11. Let o = 2716 + -2712. What are the prime factors of o/(g - (-880)/(-295))?
2, 59
Let b = -13 + 6. What are the prime factors of 1 + (10528/(-4))/b?
13, 29
Let t(c) = 108*c**2 - 154*c - 4019. What are the prime factors of t(-27)?
13, 6067
Let l(k) = k**2 + 84. Let c be l(0). Let n be (-68)/8*(c - 0). List the prime factors of n/(-9) + (-4)/(-6).
2, 5
Let m(b) = -b**3 + 19*b**2 - 16*b - 12. Let k be m(18). Let j be ((-8)/(-3))/(2/k*4). Let c(t) = 2*t**2 - 3*t + 5. List the prime factors of c(j).
109
Suppose o - 4*j = 44, 3*o + 3*j = -0*j + 72. Suppose 2*v + 5*v + o = 0. What are the prime factors of (510/9 - 0)*(7 + v)?
2, 5, 17
Let s(x) = -2010*x - 1679. What are the prime factors of s(-13)?
7, 499
Let w = 356 + 73. Let j = w + -198. What are the prime factors of j?
3, 7, 11
Suppose 2*l = -15 + 19. Suppose 5*u = l*k - 0*k - 20, -2*k - 4 = u. What are the prime factors of k + -3 + 5 - (-35 - 2)?
3, 13
Suppose -4*y + 2 = -2*n + 50, 18 = n + y. Let t be 56/10 - (-8)/n. Suppose t*b + 528 = 9*b. What are the prime factors of b?
2, 11
Let b(o) = -23*o - 181. Let h be b(-8). Suppose h*c - 33 = -d - c, -c - 200 = -4*d. What are the prime factors of d?
7
Let c be 44/418 + 2580/38. Let x = 135 - c. List the prime factors of x.
67
Let r be (-7)/((-21)/9) - 1. Let b be 1*-65*r/2. Let i = b + 107. List the prime factors of i.
2, 3, 7
Let z(l) = -l**3 + 5*l**2 + 6*l - 25. Let t be z(5). Suppose -5*o + 1831 = -7*q + t*q, -2*q = -o + 363. What are the prime factors of o?
367
Suppose -15*k - 166*k = -650600 - 973151. List the prime factors of k.
8971
Suppose 74 - 2 = -36*m. Let o(s) = -164*s**3 + 4*s**2 + 3*s - 8. What are the prime factors of o(m)?
2, 3, 73
Suppose u = -5*m - 2, -2*u = -u - 2*m - 5. Suppose u*a = 978 - 417. List the prime factors of a.
11, 17
Let s(r) = -530*r - 48. Let o be (-76)/(-171) + (-66)/27. List the prime factors of s(o).
2, 11, 23
Let v be 19 + -19 + (-1 - 25). Let w be (28/8)/(-7)*124/2. Let x = v - w. What are the prime factors of x?
5
Let b(o) = -73*o - 15. Let y be -12*(-2 + (0 - 0)). Suppose 5*f = 2*x + y, -3*x + 2*f - 3*f - 2 = 0. What are the prime factors of b(x)?
131
Let c be (-6344)/(-78)*(-78)/(-8). Suppose -4*k + c - 213 = 0. List the prime factors of k.
5, 29
Suppose 55834 - 243610 = -65*n + 85679. List the prime factors of n.
7, 601
Suppose 721*h - 2*n = 719*h + 59866, -3*h - 4*n = -89841. List the prime factors of h.
7, 13, 47
Suppose 5*u - 2*u + l = 2457, l = -4*u + 3277. Suppose 5*j = -g - 820, 4*j + j - 4*g = -u. What are the prime factors of (j/(2 - 0))/(20/(-30))?
3, 41
Suppose 4*c - 405 = w, 0 = -2*w + 4 - 6. Suppose 0*u = -3*u - 168. Let p = u + c. List the prime factors of p.
3, 5
Let n(u) = -u**2 - 7*u + 13. Let x be n(-9). Let t be -5 - (5 + -8 + x). Suppose 0 = 4*s + 5*g - 2*g - 743, 15 = t*g. What are the prime factors of s?
2, 7, 13
Suppose 2*i - 8323 - 15227 = 0. Suppose 25*z - i = -0*z. List the prime factors of z.
3, 157
Let s(i) = -200*i - 967. What are the prime factors of s(-38)?
3, 11, 67
Let n(g) = -5*g - 7. Let w be n(14). What are the prime factors of -8 + (-7224)/w + (-2)/(-11)?
2, 43
What are the prime factors of 28/20 + (-18558)/(-5)?
47, 79
Suppose 25201 = 6*u - 2933. List the prime factors of u.
3, 521
What are the prime factors of 385015/15 + (-100)/150?
25667
Suppose -81 = 22*n - 25*n. Let g = -25 + n. Suppose 6*b - 5*y = b + 775, b - 149 = -g*y. List the prime factors of b.
3, 17
Let q = 262 + 298. Suppose -q = -s - 6*s. What are the prime factors of s - 0 - 15/5?
7, 11
What are the prime factors of ((-3460)/3)/(101/(-2121))?
2, 5, 7, 173
Let k = 248 + 57. Suppose -t - 5*o + k = 0, 0*t = -3*t + 3*o + 987. List the prime factors of t.
5, 13
Let r = -71 - -47. List the prime factors of r/(87/(-17) + 5).
2, 3, 17
Let x = 168 + -578. List the prime factors of ((-250)/(-4))/((-41)/x)